e 7*l + k*v - 284 = 5*l, -5*l + 741 = -3*v. What is the hundreds digit of l?
1
Let r(m) = -10*m**3 + m**2 + m - 2. Let l be r(1). Let s be (-130)/(4/(-6)*(-6)/l). Suppose -5*d + s = 5*z, d - 2*z = 64 - 8. What is the units digit of d?
2
Let s = -1515 - -4180. What is the hundreds digit of s?
6
Suppose -4*m + 28 = -0*m - 4*r, -m + 7 = 5*r. Suppose 0*g - 21 = -m*g. Suppose -g*u = -5*u + k + 189, 0 = u - 2*k - 102. What is the tens digit of u?
9
What is the tens digit of (-42)/(-7) + 2 + 5510 + 8?
2
Suppose 0 = -6*t - 1 + 1. Suppose t = 5*k + 578 + 67. Let u = k - -222. What is the tens digit of u?
9
Suppose -4*z + 92 = -2*l, -5*z - 46 + 148 = 4*l. Let c = -19 + z. Let q(h) = 39*h - 6. What is the hundreds digit of q(c)?
1
Let g = 20 + -17. Let c(z) = 13*z**3 + 4*z**2 - 6*z + 18. What is the hundreds digit of c(g)?
3
Let o(i) = -5*i**3 - i**2 - 2*i. Let b = -70 + 69. Let g be o(b). Suppose -197 = -g*j + 97. What is the units digit of j?
9
Let l(b) = -51*b + 52. Let s be l(3). Let i = 323 - s. What is the hundreds digit of i?
4
Let r be (1 + 2/(-3))/((-11)/(-132)). Let t(o) = 5*o**3 + 4*o**2 + 2*o + 4. What is the hundreds digit of t(r)?
3
Suppose 3*d - 29018 = k, -13*k + 10*k + 38682 = 4*d. What is the units digit of d?
2
Let h = -501 - -742. Let p = h + -90. Suppose -955 = -7*d + p. What is the hundreds digit of d?
1
Let i(x) = 23*x**3 - 7*x**2 - 24*x**3 + 7*x**2 + 42. What is the tens digit of i(0)?
4
Let f = -25356 + 42622. What is the ten thousands digit of f?
1
Let p(j) = -j + 22. Let i be p(-8). Suppose o - 4*o = i. What is the units digit of (88/o)/(-4 + (-18)/(-5))?
2
Suppose 16*o - 35*o = -107*o + 623216. What is the hundreds digit of o?
0
What is the thousands digit of (-16 + 4)/(168/(-59024))?
4
Suppose 0 = 11*m - 112115 + 6229. What is the thousands digit of m?
9
Let p = 55 - 20. Suppose x + 3*n + 13 = 0, 11 = 2*n + 21. Suppose g - p = -q - x, -q - 5*g = -13. What is the units digit of q?
8
Let v be (2 - (-1 - -4)) + 1*9073. Suppose v = -19*c + 35*c. What is the units digit of c?
7
Let f(t) = 325*t**2. Let z be 171/(-153) - 8/(-68). What is the units digit of f(z)?
5
Let w be -4 - 2244/(-33)*(-41)/2. What is the tens digit of (1/(-9))/(5/15)*w?
6
Let s(c) = c**3 + 2*c**2 - 1. Let k be s(1). Suppose -k*v + 3 = 2*b - 3, -4*b + 26 = -3*v. Suppose -1008 = -11*i + b*i. What is the hundreds digit of i?
1
Let o = 569 - 570. What is the units digit of (1 - o*27)*720/64?
5
Let a(m) = m. Let q(s) = 43*s - 32. Let v(h) = -2*a(h) + q(h). What is the tens digit of v(11)?
1
Suppose -2*k - 2*g = -7180, 38*k - 7208 = 36*k + 5*g. What is the thousands digit of k?
3
Let v = 6 - -238. What is the tens digit of (-269)/(-1) - v/61?
6
Let w = 29009 + -15370. What is the thousands digit of w?
3
What is the units digit of (-1 + (-3)/(-4))/((-2)/60848)?
6
Let h be 8 - (-336)/(-40) - (-10594)/10. Let r = -583 + h. What is the hundreds digit of r?
4
Let s(l) be the first derivative of l**3/3 - 2*l - 1. Let w(n) = 61*n - 2506. Let j be w(41). What is the units digit of s(j)?
3
Let c be (0 - (1 + -112))*(-41)/(-123). Suppose -c*p + 29074 = 6171. What is the units digit of p?
9
Let z = -20389 - -32767. What is the hundreds digit of z?
3
Suppose -9*a + 4736 = -1033. Let g = 1081 - a. What is the tens digit of g?
4
Let h be 1/1*((-16205)/5)/(-7). Suppose 5*f + 1203 = 4*g, -4*f = -5*g + h + 1043. What is the units digit of g?
2
Suppose 0 = -2*d + 4*d - 10. Suppose -14 = -2*y + 2*l, -d - 15 = 4*l. Suppose y*u - 57 = -n, 37 - 94 = -n + 4*u. What is the tens digit of n?
5
Suppose 2*p + 7*k - 2*k = 68, 0 = 4*p + 3*k - 108. What is the hundreds digit of (-4 - 0/(-3))*(-4956)/p?
8
Let j(g) = -34*g - 4. Let h be j(-1). Suppose 5*r - 15*r + h = 0. Suppose -5*v + 24 = 5*z - 11, -3*v + 5*z = r. What is the units digit of v?
4
What is the units digit of ((0 + -95)/19)/(1/(-11329))?
5
Suppose -80834 = 88*g - 110*g + 378086. What is the hundreds digit of g?
8
Let s(b) = b**3 - 20*b**2 + 20*b - 5. Let l be s(19). Suppose l*f = -8*f + 4070. What is the hundreds digit of f?
1
Let m = 3317 - 2603. What is the units digit of m?
4
Suppose -42*q + 30 = 38*q - 82*q. Let t = -56 + 31. Let f = q - t. What is the units digit of f?
0
Suppose -258*d + 215081 + 9769519 = 0. What is the units digit of d?
0
Let n be (-3)/((-15)/4)*(-340)/(-17). What is the hundreds digit of (n + -12)*(-1014)/(-4)?
0
Let b(h) = h**2 + 6*h - 7. Suppose 16 = -4*t - 2*z, -2*z + 38 = -4*t + 6. Let a be b(t). Let f(p) = -p**3 - 9*p**2 - 16*p - 2. What is the units digit of f(a)?
2
Let i = -26 + 40. Suppose -i*a + 13*a = -4. What is the hundreds digit of 148 + 7 + a/2 + -4?
1
Suppose 0 = z + 4*b - 8, z = -2*z - b + 2. Suppose -17*v - v + 9522 = z. What is the hundreds digit of v?
5
Let x = 93 - 91. Suppose x*l + 3*r = 602, -4*l = l + 2*r - 1494. What is the tens digit of l?
9
Suppose -39*b = -1655180 - 1116090 - 542638. What is the tens digit of b?
7
Suppose 5*c + 135 = -2*v, 5*c = 4*c + 2*v - 27. What is the tens digit of 6/c + (42576/54)/2?
9
Let y = -38 + 40. Suppose -y*h + 3*h = 373. What is the units digit of h?
3
Let j = 376 - -1786. What is the thousands digit of j?
2
Let h(d) = 2*d**3 + 21*d**2 - 13*d - 20. Let w(v) = 5*v + 87. Let n be w(-19). What is the tens digit of h(n)?
0
Let w = -13243 - -32657. What is the ten thousands digit of w?
1
Let p(w) = -347*w + 5199. Let c be p(15). Let o(s) = 78*s**3 - s**2 - 2*s - 1. Let f be o(-1). Let u = c - f. What is the units digit of u?
2
What is the ten thousands digit of -758 - -759 - -1*22809?
2
Suppose 47*r + 714932 = 139*r. What is the units digit of r?
1
Let o(k) = -126*k + 6. Let j be o(-5). Let i = 215 - 205. Suppose -j = -i*c + 184. What is the tens digit of c?
8
Let y = -2051 + 18923. What is the tens digit of y?
7
Suppose -186*k + 5*x + 104532 = -182*k, 3*k - 3*x - 78405 = 0. What is the tens digit of k?
4
Let h(s) be the third derivative of 25*s**4/24 - 65*s**3/3 + s**2 + 60*s. What is the tens digit of h(7)?
4
Let g(c) = c**3 + 11*c**2 + 6*c - 29. What is the hundreds digit of g(4)?
2
Let o(k) = -2 - 5 + 21*k**2 + 50*k**3 - 49*k**3 + 19*k. Let r be o(-18). Suppose 10*c - 3*c - r = 0. What is the units digit of c?
9
Let k(p) = -p**3 + 18*p**2 + 4*p + 13. Let t be k(18). Suppose 4*h - 155 = -2*y + h, t = y + 4*h. What is the units digit of y?
3
Let a = -30166 + 62378. What is the thousands digit of a?
2
Suppose 0 = 9*k - 3*k + 126. Let n(j) = 2*j**2 + 21*j - 91. What is the units digit of n(k)?
0
Suppose 17*r = 15*r + 428652. What is the tens digit of ((r/12)/(-27))/(6/(-8))?
8
Let q(x) = x**2 + 2*x - 2. Suppose b = -3*b + 3*b. Suppose 0 = -b*n + 4*n - 20. What is the units digit of q(n)?
3
Let u(a) = -3*a**3 - 12*a**2 - 11*a + 47. Let z(h) = -h**3 - 6*h**2 - 6*h + 23. Let q(m) = 6*u(m) - 11*z(m). What is the units digit of q(-5)?
4
Let t(h) = -2*h**2 + 3*h - 7. Let g be 4/(-5) - (-663)/85. Let x(p) = 5*p**2 - 5*p + 13. Let s(o) = g*t(o) + 3*x(o). What is the tens digit of s(4)?
3
Suppose -187*a = -176*a + 264. Let m(x) = 2*x**2 + 11*x + 107. What is the units digit of m(a)?
5
Let h be ((-108)/(-15))/6*5. Let w(k) = -19*k + 9 + h + 6. What is the tens digit of w(-9)?
9
Let g be (-3 - -3)/(2/2). Suppose 0*f = -2*a + 4*f + 6, -9 = -a - 4*f. Suppose -2*j - 8*s + a*s = -18, g = 4*j - 4*s + 4. What is the units digit of j?
3
Let k = 472 - 424. What is the units digit of 1665/3 - k/(-6)?
3
Let w(y) = -y**2 - 71*y + 32. What is the tens digit of w(-18)?
8
What is the tens digit of 40480/14 + (0 - (-24)/(-56)) - 2?
8
Let d(i) = i**3 + 19*i**2 - i - 54. Let b be d(-15). Suppose 0*g - 4278 = -5*r - 4*g, g + b = r. What is the units digit of r?
8
What is the hundreds digit of ((-116262)/8)/((-75)/200)?
7
Let g(v) = v**3 + 19*v**2 - 20*v - 16. Suppose 3*m + 3*x - x + 54 = 0, 2*m + 43 = x. Let s be g(m). What is the hundreds digit of ((-3)/12)/((-4)/s) - -198?
1
Suppose 2*y - 3*n - 6198 = 6927, -4*y - 2*n + 26274 = 0. What is the hundreds digit of y?
5
Let l(s) = 159*s + 25. Let w(k) = -k**2 - 8*k + 109. Let j be w(-15). What is the tens digit of l(j)?
6
Let r be 1/((-9)/54) + 11. Suppose 5*l = 4*g - 2*g + 1691, 2*l - 659 = -r*g. What is the hundreds digit of l?
3
Suppose 16 = 5*n - 2*x, 3*n + 4*x - 3 + 9 = 0. Suppose -n*p = 14*p - 6384. What is the hundreds digit o